6) - -6 is divided by 10 + (1 - (1 - 0))?
8
Let x(h) = -h**2 - 26*h - 28. Let v be x(-25). Let m be v/(-2) - 2254/(-28). Let d = 12 + m. What is the remainder when d is divided by 12?
10
Let d = -8941 + 9319. Calculate the remainder when 788 is divided by d.
32
Let y = 8055 - 7500. What is the remainder when y is divided by 65?
35
Let i = 21 + 20. Suppose 3*x - i = 2*t, -4*x + 2*t + 62 = 3*t. Suppose x*v - 10*v - 240 = 0. What is the remainder when v is divided by 7?
6
Suppose -78*y + 21*y + 5546 = 37*y. Calculate the remainder when 340 is divided by y.
45
Suppose 157 = 3*w + 4*y - 125, 4*w - 3*y - 376 = 0. Let j = w - 68. What is the remainder when 283 is divided by j?
23
Suppose -g - 2*k + 7 = 0, 3*g = 9*k - 4*k - 34. What is the remainder when 179 is divided by (-5)/(1/g*1)?
14
Calculate the remainder when -11 + 18/(-6) + 4477 is divided by 6.
5
Suppose -96*k + 6235 - 1627 = 0. Suppose -11*c = -2688 - 403. What is the remainder when c is divided by k?
41
Let c = -3722 - -3734. Let y(k) = 14*k + 5 + 7 - 3 - 13*k. What is the remainder when y(13) is divided by c?
10
Suppose 3*j = -3*c + 11166, 6*j - 9*j = -4*c + 14853. Calculate the remainder when c is divided by 15.
12
Suppose -4*y + 15 = 3*l, -3*y = 2*l - 3*l - 8. Suppose 2*z = -5*g - 705, 0 = y*z - 3 - 12. Let a = -87 - g. Calculate the remainder when 219 is divided by a.
51
Suppose 0 = 3*k - 66 - 522. Suppose 6*p = 16*p - 20. Suppose 4*c = p*f + 138, 6*c + f - 129 = 2*c. What is the remainder when k is divided by c?
31
Let t(g) be the second derivative of -g**3/2 + 5*g**2/2 + 4*g. Suppose 4*s + 1 = 5*h, 0 = s + 2*s - 3*h + 3. Calculate the remainder when t(s) is divided by 11.
6
Let x(v) = v**3 - 49*v**2 - 95*v - 304. Calculate the remainder when 57 is divided by x(51).
4
Suppose 43*t - 1221 = 10*t. What is the remainder when 462 is divided by t?
18
Suppose -24*s + 5*s + 12990 = 11*s. What is the remainder when s is divided by 119?
76
Suppose 3*x + 66 = 216. Calculate the remainder when 206 is divided by x.
6
Let t = 14250 - 14245. Calculate the remainder when 692 is divided by t.
2
Suppose 4*h = -13 - 7. Let l(x) = -10*x - 9*x + 11 - 6*x. What is the remainder when l(h) is divided by 35?
31
Suppose -4*n = 4*v - 3*n - 124, 3*v - 4*n - 74 = 0. Let r = 393 + -118. Suppose -9*o + r = -526. What is the remainder when o is divided by v?
29
Let d = 151 - 147. Suppose 7*c = -d + 123. What is the remainder when 48 is divided by c?
14
Suppose 3*k + 4*d - 42 = 0, -4*k = 5*d - d - 56. Let r be 13/2*(16 - k). What is the remainder when (r - 9)*(-65)/(-4) is divided by 18?
11
Suppose 0 = -q + 5*q - 12. Let t be (q - (4 + -4)) + 2. Suppose -4*i - 288 = -4*m, t*m - i + 0*i - 380 = 0. Calculate the remainder when m is divided by 40.
37
Let c = 485 - 470. Suppose -3*t + 75 = y, -2*t + c = t. What is the remainder when 597 is divided by y?
57
Calculate the remainder when 1951 is divided by 4130/(-525) + (-4)/30 - -225.
215
Suppose -12964*c - 35750 = -14339*c. Let u = -2 + -2. What is the remainder when c is divided by 26/4 + (-2)/u?
5
Let n = -154 - -775. Let o = -395 + n. What is the remainder when o is divided by 4*((-54 - -45) + 186/8)?
55
Let s = -32 - 172. Let f = -199 - s. What is the remainder when 57 is divided by f?
2
Suppose 0 = -11*z - 2942 + 4570. What is the remainder when z is divided by 6?
4
Calculate the remainder when (690/50)/(13/130) is divided by 103.
35
Let k = -37107 + 37249. Calculate the remainder when k is divided by 68.
6
Let s(p) = 1991*p + 7978. Calculate the remainder when 14166 is divided by s(-4).
12
Let i(n) = 88*n**2 + 2*n - 18. Let v be i(-10). Suppose -14*d - v = -40*d. Calculate the remainder when d is divided by 20.
17
Let b(l) = -l**2 - 13*l - 9. Let w be b(-18). Let f = 99 + w. Suppose 0 = 5*k + 2*x - 85, f = x + 3*x. What is the remainder when 48 is divided by k?
14
Let a = -132 - -1008. Let j = a + -841. Suppose 8 = 2*s - 3*n - 0, n = -5*s + 54. What is the remainder when j is divided by s?
5
Suppose 5*d = 5*u + 2655, -2631 = d - 6*d - 3*u. Suppose 0 = -3*t + 5*o + 167, -5*t = -3*o - 74 - 215. Calculate the remainder when d is divided by t.
56
Let h = 4 + -1. Let b be 2/14 - (-1500)/84. Suppose 0 = -s + b - 9. What is the remainder when s is divided by h?
0
Let k be 90/(-12)*8/(-10). Calculate the remainder when (-15)/k*(0 - 166/5) is divided by 28.
27
Let r = -432 + 82. Let u = r - -352. What is the remainder when 32 is divided by u?
0
Suppose 0 = -3*o + 8 + 4. Suppose -14 = -o*k + 6. Suppose -66 = -k*s - n, -2*n + 78 = 5*s - 4*n. Calculate the remainder when s is divided by 8.
6
Let a be 1 + 0 + 97 + 4. Suppose -4*l + 22 = a. Calculate the remainder when -32*(l/4)/5 is divided by 9.
5
Let p = -32 - -37. Suppose -p*y = -4*f + 940, 15 = -y + f - 172. Let b = y - -353. Calculate the remainder when b is divided by 33.
29
Let a(b) = 3*b**2 - 14*b + 49. Let l(g) = g**2 - 5*g + 15. Let o(t) = 3*a(t) - 8*l(t). Suppose 2*q = -q. Calculate the remainder when 102 is divided by o(q).
21
Suppose 516 = -3*m + j, m = 6*m + j + 860. Calculate the remainder when (m/(-14))/(6 - (-328)/(-56)) is divided by 29.
28
Let f be ((-2)/(-3))/((-13)/(-39)). Suppose f*k + 3 = -2*d - 9, 4*k = 4*d + 16. Calculate the remainder when 41 is divided by 1 + (3 - 7)*d.
20
Let k = 446 - 187. Suppose 0 = -c + 16 - 15. Calculate the remainder when k is divided by (6 + -13 + c)*(-26)/6.
25
Suppose 3*c + 5*r - 24 = 0, 2*r + 0*r - 7 = -c. Let h = -879 - -904. What is the remainder when h is divided by c?
12
Let h(v) = 3*v**2 + 3*v + 7. Let d be (-2)/18*-3*-33. Let n(o) = o**3 + 11*o**2 - 2. Let y be n(d). What is the remainder when h(y) is divided by 4?
1
Let f(k) = 2*k - 27. Suppose 123 + 903 = 54*p. Calculate the remainder when 30 is divided by f(p).
8
Let l = -160 + -203. Let b = l - -389. Calculate the remainder when 129 is divided by b.
25
Let s(v) = -v**2 - 14*v - 12. Let x(y) = y + 4. Let o be x(-2). Calculate the remainder when -4 + (3 - -74) - o is divided by s(-12).
11
Let a = -7958 + 8065. Calculate the remainder when a is divided by 19.
12
Let d = 17931 + -17880. Calculate the remainder when 534 is divided by d.
24
Suppose -3*r + 17 = -10. Calculate the remainder when -83 + 71 + 8*8 is divided by r.
7
Let f = -640 - -15682. Calculate the remainder when f is divided by 228.
222
Suppose -52571 = 247*i - 63192. Suppose 0 = -2*b + 3*b - 17. Calculate the remainder when i is divided by b.
9
Let s be 12/18 + 152/(-12). Let j = 16 - s. Calculate the remainder when (-4)/14 + 2332/j is divided by 28.
27
Suppose 0 = 3*j - 12, -5*t = 3*j - 832. Let l = t - 133. Calculate the remainder when l is divided by 8/(-3)*(-12)/4.
7
Suppose k + 12 = 2*x, -2*x - 4*k + 2 = -0. Let m = x - -4. Let d(s) = 8*s**3 + 1168*s**2 + 2*s + 345. Calculate the remainder when d(-146) is divided by m.
8
Suppose 0 = -3*j - 2*n + 1571, 28 = j + 2*n - 493. Calculate the remainder when j is divided by 96.
45
Suppose -4 = 4*m - 5*m. Suppose -3*t - b - 19 = 23, -5*t = 2*b + 70. Calculate the remainder when (-6)/((t/35)/((-12)/(-10))) is divided by m.
2
Let q = -5 + 11. Let u be ((-783)/(-12))/3*24/9. Let c = u - 56. What is the remainder when q is divided by c?
0
Let o = -17 - -35. Suppose 0 = -5*m - 1596 + 1661. Calculate the remainder when o is divided by m.
5
Let f(p) = 5*p**3 + p**2 - 3*p + 2. Let q = -367 - -443. Suppose q = 9*m - 50. Calculate the remainder when f(2) is divided by m.
12
Suppose w + 4*q = 2847, 3*w = 2*w - 5*q + 2851. What is the remainder when w is divided by 48?
47
Let p = -682 - -686. Let y(b) = 4*b - 2. Suppose 5*r - 5*q - 605 = 0, 490 = -0*r + 4*r - q. Calculate the remainder when r is divided by y(p).
11
Let l = 1574 - 1521. Let p(t) = t**2 - t + 2. Calculate the remainder when l is divided by p(-4).
9
Let d = 2278 - 2258. Calculate the remainder when 540 is divided by d.
0
Suppose -58*y + 3332 = 10*y. What is the remainder when y is divided by 15?
4
Let o(v) = -175*v**3 - v**2 + 1. Let r be o(-1). Let z = -48 + r. What is the remainder when z is divided by (-3)/(12/602)*(-908)/3178?
41
Let g(r) = -23*r + 31. Let l = -426 - -430. Calculate the remainder when g(1) is divided by l.
0
Let c(h) = -191*h - 3464. Calculate the remainder when c(-46) is divided by 26.
18
Let p = -72 - -75. Let z be 1/p + (-200)/